{"id":166,"date":"2026-02-05T09:17:12","date_gmt":"2026-02-05T09:17:12","guid":{"rendered":"https:\/\/dev.easychip-server-02.de\/?page_id=166"},"modified":"2026-03-30T08:38:39","modified_gmt":"2026-03-30T08:38:39","slug":"home","status":"publish","type":"page","link":"https:\/\/dev.easychip-server-02.de\/","title":{"rendered":"Home"},"content":{"rendered":"<p>[et_pb_section fb_built=&#8220;1&#8243; admin_label=&#8220;section&#8220; _builder_version=&#8220;4.20.4&#8243; background_video_mp4=&#8220;https:\/\/dev.easychip-server-02.de\/wp-content\/uploads\/2026\/02\/Design-ohne-Titel1.mp4&#8243; min_height=&#8220;396px&#8220; custom_margin=&#8220;0px||1px|||&#8220; custom_padding=&#8220;0px||258px|129px||&#8220; hover_transition_duration=&#8220;1100ms&#8220; da_disable_devices=&#8220;off|off|off&#8220; global_colors_info=&#8220;{}&#8220; da_is_popup=&#8220;off&#8220; da_exit_intent=&#8220;off&#8220; da_has_close=&#8220;on&#8220; da_alt_close=&#8220;off&#8220; da_dark_close=&#8220;off&#8220; da_not_modal=&#8220;on&#8220; da_is_singular=&#8220;off&#8220; da_with_loader=&#8220;off&#8220; da_has_shadow=&#8220;on&#8220;][et_pb_row _builder_version=&#8220;4.20.4&#8243; _module_preset=&#8220;default&#8220; hover_enabled=&#8220;0&#8243; global_colors_info=&#8220;{}&#8220; sticky_enabled=&#8220;0&#8243;][et_pb_column type=&#8220;4_4&#8243; _builder_version=&#8220;4.20.4&#8243; _module_preset=&#8220;default&#8220; global_colors_info=&#8220;{}&#8220;][et_pb_button button_url=&#8220;https:\/\/bpl.pcvisit.com\/stable_update\/v1\/hosted\/jumplink?func=download&#038;productrole=guestSetup&#038;gateway=lb3.pcvisit.de&#038;companyid=8614129507&#8243; button_text=&#8220;Fernwartung Starten&#8220; button_alignment=&#8220;center&#8220; disabled_on=&#8220;on|on|off&#8220; _builder_version=&#8220;4.20.4&#8243; _module_preset=&#8220;default&#8220; custom_button=&#8220;on&#8220; button_text_size=&#8220;25px&#8220; button_text_color=&#8220;#ff7a05&#8243; button_border_width=&#8220;3px&#8220; button_border_radius=&#8220;15px&#8220; button_font=&#8220;Arial||||||||&#8220; button_use_icon=&#8220;off&#8220; transform_translate=&#8220;-51px|130px&#8220; transform_translate_linked=&#8220;off&#8220; hover_enabled=&#8220;0&#8243; global_colors_info=&#8220;{}&#8220; sticky_enabled=&#8220;0&#8243;][\/et_pb_button][\/et_pb_column][\/et_pb_row][\/et_pb_section][et_pb_section fb_built=&#8220;1&#8243; _builder_version=&#8220;4.20.4&#8243; _module_preset=&#8220;default&#8220; background_color=&#8220;RGBA(255,255,255,0)&#8220; custom_margin=&#8220;||||false|false&#8220; custom_padding=&#8220;||50px||false|false&#8220; hover_enabled=&#8220;0&#8243; da_disable_devices=&#8220;off|off|off&#8220; global_colors_info=&#8220;{}&#8220; sticky_enabled=&#8220;0&#8243; da_is_popup=&#8220;off&#8220; da_exit_intent=&#8220;off&#8220; da_has_close=&#8220;on&#8220; da_alt_close=&#8220;off&#8220; da_dark_close=&#8220;off&#8220; da_not_modal=&#8220;on&#8220; da_is_singular=&#8220;off&#8220; da_with_loader=&#8220;off&#8220; da_has_shadow=&#8220;on&#8220;][et_pb_row column_structure=&#8220;1_2,1_2&#8243; _builder_version=&#8220;4.20.4&#8243; _module_preset=&#8220;default&#8220; max_width=&#8220;80%&#8220; global_colors_info=&#8220;{}&#8220; custom_padding=&#8220;||4px|||&#8220;][et_pb_column type=&#8220;1_2&#8243; _builder_version=&#8220;4.20.4&#8243; _module_preset=&#8220;default&#8220; global_colors_info=&#8220;{}&#8220;][et_pb_text _builder_version=&#8220;4.20.4&#8243; _module_preset=&#8220;default&#8220; custom_padding=&#8220;32px|2px||||&#8220; global_colors_info=&#8220;{}&#8220;]<\/p>\n<h1><span style=\"color: #000000;\"><span style=\"color: #ff7a05;\">EasyChip<\/span> <span style=\"color: #e2e2e2;\">\u2013 Aus IT wird Easy<\/span><\/span><\/h1>\n<p>[\/et_pb_text][\/et_pb_column][et_pb_column type=&#8220;1_2&#8243; _builder_version=&#8220;4.20.4&#8243; _module_preset=&#8220;default&#8220; global_colors_info=&#8220;{}&#8220;][et_pb_text _builder_version=&#8220;4.20.4&#8243; _module_preset=&#8220;default&#8220; inline_fonts=&#8220;ABeeZee&#8220; global_colors_info=&#8220;{}&#8220;]<\/p>\n<p style=\"text-align: left;\"><span style=\"color: #e2e2e2; font-size: large;\">Sie sind ein Unternehmen aus Lindenberg oder Umgebung und m\u00f6chten auch eine vor-Ort-Betreuung? Dann sind Sie <span style=\"font-family: ABeeZee; font-weight: normal;\">bei<\/span> uns genau richtig! Von der Analyse \u00fcber die Planung bis hin zur individuellen Websiten- und Softwareentwicklung stehen wir Ihnen als kompetenter IT-Partner zur Seite.<\/span><\/p>\n<p>[\/et_pb_text][\/et_pb_column][\/et_pb_row][\/et_pb_section][et_pb_section fb_built=&#8220;1&#8243; _builder_version=&#8220;4.20.4&#8243; _module_preset=&#8220;default&#8220; custom_margin=&#8220;|20px||10px|false|false&#8220; custom_padding=&#8220;0px||50px||false|false&#8220; hover_enabled=&#8220;0&#8243; da_disable_devices=&#8220;off|off|off&#8220; global_colors_info=&#8220;{}&#8220; sticky_enabled=&#8220;0&#8243; da_is_popup=&#8220;off&#8220; da_exit_intent=&#8220;off&#8220; da_has_close=&#8220;on&#8220; da_alt_close=&#8220;off&#8220; da_dark_close=&#8220;off&#8220; da_not_modal=&#8220;on&#8220; da_is_singular=&#8220;off&#8220; da_with_loader=&#8220;off&#8220; da_has_shadow=&#8220;on&#8220;][et_pb_row column_structure=&#8220;1_4,1_4,1_4,1_4&#8243; _builder_version=&#8220;4.20.4&#8243; _module_preset=&#8220;default&#8220; width=&#8220;100%&#8220; width_last_edited=&#8220;off|desktop&#8220; max_width=&#8220;100%&#8220; min_height=&#8220;100px&#8220; custom_padding=&#8220;0px||0px|0px|false|false&#8220; hover_enabled=&#8220;0&#8243; locked=&#8220;off&#8220; global_colors_info=&#8220;{}&#8220; height__hover_enabled=&#8220;on|desktop&#8220; sticky_enabled=&#8220;0&#8243; custom_margin=&#8220;50px|auto||auto||&#8220;][et_pb_column type=&#8220;1_4&#8243; _builder_version=&#8220;4.20.4&#8243; _module_preset=&#8220;default&#8220; animation_style=&#8220;slide&#8220; animation_direction=&#8220;left&#8220; animation_duration=&#8220;1700ms&#8220; animation_intensity_slide=&#8220;15%&#8220; global_colors_info=&#8220;{}&#8220;][ba_info_box photo=&#8220;https:\/\/dev.easychip-server-02.de\/wp-content\/uploads\/2026\/03\/Infrastruktur.png&#8220; title=&#8220;IT-Infrastruktur&#8220; body_content=&#8220;<\/p>\n<p><strong data-start=%22577%22 data-end=%22632%22>Ihre IT sollte Sie unterst\u00fctzen \u2013 nicht ausbremsen.<\/strong><br data-start=%22632%22 data-end=%22635%22 \/>Wir Analysieren gemeinsam mit Ihnen eine Infrastruktur, die perfekt zu Ihren Prozessen, Zielen und Ihrem Wachstum passt.<\/p>\n<p>&#8220; use_button=&#8220;on&#8220; button_text=&#8220;Mehr Erfahren&#8220; button_link=&#8220;#&#8220; is_new_wndow=&#8220;on&#8220; content_alignment=&#8220;center&#8220; image_width=&#8220;35%&#8220; _builder_version=&#8220;4.20.4&#8243; _module_preset=&#8220;default&#8220; background_enable_color=&#8220;off&#8220; button_border_radius=&#8220;9px&#8220; custom_margin=&#8220;|||15px|false|false&#8220; border_radii_box=&#8220;on|9px|9px|9px|9px&#8220; border_radii_photo=&#8220;on|3px|3px|3px|3px&#8220; global_colors_info=&#8220;{}&#8220;][\/ba_info_box][\/et_pb_column][et_pb_column type=&#8220;1_4&#8243; _builder_version=&#8220;4.20.4&#8243; _module_preset=&#8220;default&#8220; animation_style=&#8220;slide&#8220; animation_direction=&#8220;left&#8220; animation_duration=&#8220;1700ms&#8220; animation_intensity_slide=&#8220;15%&#8220; global_colors_info=&#8220;{}&#8220;][ba_info_box photo=&#8220;https:\/\/dev.easychip-server-02.de\/wp-content\/uploads\/2026\/03\/Reperatur.png&#8220; title=&#8220;IT Services&#8220; body_content=&#8220;<\/p>\n<p><strong data-start=%22459%22 data-end=%22503%22>Ihr Computer streikt? Wir helfen weiter.<\/strong><br data-start=%22503%22 data-end=%22506%22 \/>Ob Hardware-Reparatur, Systemprobleme oder Datenrettung \u2013 unsere Techniker bringen Ihr Ger\u00e4t wieder zum Laufen.<\/p>\n<p>&#8220; use_button=&#8220;on&#8220; button_text=&#8220;Mehr Erfahren&#8220; button_link=&#8220;#&#8220; is_new_wndow=&#8220;on&#8220; content_alignment=&#8220;center&#8220; image_width=&#8220;40%&#8220; _builder_version=&#8220;4.20.4&#8243; _module_preset=&#8220;default&#8220; background_enable_color=&#8220;off&#8220; button_border_radius=&#8220;9px&#8220; min_height=&#8220;387.3px&#8220; custom_margin=&#8220;40px|||||&#8220; border_radii_photo=&#8220;on|3px|3px|3px|3px&#8220; locked=&#8220;off&#8220; global_colors_info=&#8220;{}&#8220;][\/ba_info_box][\/et_pb_column][et_pb_column type=&#8220;1_4&#8243; _builder_version=&#8220;4.20.4&#8243; _module_preset=&#8220;default&#8220; animation_style=&#8220;slide&#8220; animation_direction=&#8220;right&#8220; animation_duration=&#8220;1700ms&#8220; animation_intensity_slide=&#8220;15%&#8220; global_colors_info=&#8220;{}&#8220;][ba_info_box photo=&#8220;https:\/\/dev.easychip-server-02.de\/wp-content\/uploads\/2026\/03\/Cloud.png&#8220; title=&#8220;Cloud L\u00f6sungen&#8220; body_content=&#8220;<\/p>\n<p><strong data-start=%22612%22 data-end=%22641%22>Moderne IT aus der Cloud.<\/strong><br data-start=%22641%22 data-end=%22644%22 \/>Wir entwickeln Cloudl\u00f6sungen, die sicher, skalierbar und perfekt auf Ihre Unternehmensprozesse abgestimmt sind.<\/p>\n<p>&#8220; use_button=&#8220;on&#8220; button_text=&#8220;Mehr Erfahren&#8220; button_link=&#8220;#&#8220; is_new_wndow=&#8220;on&#8220; content_alignment=&#8220;center&#8220; image_width=&#8220;40%&#8220; _builder_version=&#8220;4.20.4&#8243; _module_preset=&#8220;default&#8220; background_enable_color=&#8220;off&#8220; button_border_radius=&#8220;9px&#8220; border_radii_photo=&#8220;on|3px|3px|3px|3px&#8220; locked=&#8220;off&#8220; global_colors_info=&#8220;{}&#8220;][\/ba_info_box][\/et_pb_column][et_pb_column type=&#8220;1_4&#8243; _builder_version=&#8220;4.20.4&#8243; _module_preset=&#8220;default&#8220; animation_style=&#8220;slide&#8220; animation_direction=&#8220;right&#8220; animation_duration=&#8220;1700ms&#8220; animation_intensity_slide=&#8220;15%&#8220; global_colors_info=&#8220;{}&#8220;][ba_info_box photo=&#8220;https:\/\/dev.easychip-server-02.de\/wp-content\/uploads\/2026\/03\/Webdesign.png&#8220; title=&#8220;Webdesign&#8220; body_content=&#8220;<\/p>\n<p><strong data-start=%22592%22 data-end=%22649%22>Modernes Webdesign f\u00fcr einen starken <\/strong><strong data-start=%22592%22 data-end=%22649%22>Online-Auftritt.<\/strong><br data-start=%22649%22 data-end=%22652%22 \/>Von der Idee bis zur fertigen Website \u2013 wir setzen Ihr Unternehmen digital perfekt in Szene.<\/p>\n<p>&#8220; use_button=&#8220;on&#8220; button_text=&#8220;Mehr Erfahren&#8220; button_link=&#8220;#&#8220; is_new_wndow=&#8220;on&#8220; content_alignment=&#8220;center&#8220; image_width=&#8220;40%&#8220; _builder_version=&#8220;4.20.4&#8243; _module_preset=&#8220;default&#8220; background_enable_color=&#8220;off&#8220; button_border_radius=&#8220;9px&#8220; custom_margin=&#8220;|15px|||false|false&#8220; custom_padding=&#8220;40px|||||&#8220; border_radii_photo=&#8220;on|3px|3px|3px|3px&#8220; locked=&#8220;off&#8220; global_colors_info=&#8220;{}&#8220;][\/ba_info_box][\/et_pb_column][\/et_pb_row][\/et_pb_section][et_pb_section fb_built=&#8220;1&#8243; _builder_version=&#8220;4.20.4&#8243; _module_preset=&#8220;default&#8220; background_image=&#8220;https:\/\/dev.easychip-server-02.de\/wp-content\/uploads\/2026\/03\/Design-ohne-Titel6.png&#8220; min_height=&#8220;356px&#8220; hover_enabled=&#8220;0&#8243; da_disable_devices=&#8220;off|off|off&#8220; global_colors_info=&#8220;{}&#8220; sticky_enabled=&#8220;0&#8243; da_is_popup=&#8220;off&#8220; da_exit_intent=&#8220;off&#8220; da_has_close=&#8220;on&#8220; da_alt_close=&#8220;off&#8220; da_dark_close=&#8220;off&#8220; da_not_modal=&#8220;on&#8220; da_is_singular=&#8220;off&#8220; da_with_loader=&#8220;off&#8220; da_has_shadow=&#8220;on&#8220;][et_pb_row column_structure=&#8220;3_5,2_5&#8243; _builder_version=&#8220;4.20.4&#8243; _module_preset=&#8220;default&#8220; max_width=&#8220;80%&#8220; global_colors_info=&#8220;{}&#8220;][et_pb_column type=&#8220;3_5&#8243; _builder_version=&#8220;4.20.4&#8243; _module_preset=&#8220;default&#8220; global_colors_info=&#8220;{}&#8220;][et_pb_text _builder_version=&#8220;4.20.4&#8243; _module_preset=&#8220;default&#8220; custom_margin=&#8220;||50px|||&#8220; global_colors_info=&#8220;{}&#8220;]<\/p>\n<h2><strong>Schon wieder Stress mit der IT?<\/strong><\/h2>\n<h2><span style=\"color: #ffffff;\">Wir finden die L\u00f6sung!<\/span><\/h2>\n<p>[\/et_pb_text][et_pb_text _builder_version=&#8220;4.20.4&#8243; _module_preset=&#8220;default&#8220; global_colors_info=&#8220;{}&#8220;]<\/p>\n<p>IT muss nicht kompliziert sein \u2013 wenn man wei\u00df, worauf es ankommt. Genau hier setzen wir an: Wir entwickeln L\u00f6sungen, die wirklich zu den Anforderungen Ihres Unternehmens passen. Statt unn\u00f6tiger Komplexit\u00e4t stehen f\u00fcr uns Klarheit, Effizienz und Zukunftssicherheit im Fokus. Gemeinsam erarbeiten wir in einer ausf\u00fchrlichen Beratung die Basis f\u00fcr eine IT, die Sie nachhaltig unterst\u00fctzt.<\/p>\n<p>\u00a0Mit der richtigen IT-L\u00f6sung l\u00e4uft Ihr Unternehmen effizienter, sicherer und flexibler. Individuell angepasste Systeme sorgen f\u00fcr reibungslose Abl\u00e4ufe und entlasten Ihr Team. So gewinnen Sie Zeit und k\u00f6nnen sich auf das Wesentliche konzentrieren.<\/p>\n<p data-start=\"393\" data-end=\"586\">Nutzen Sie jetzt die Gelegenheit f\u00fcr eine unverbindliche Beratung und entdecken Sie, wie einfach moderne IT sein kann \u2013 zukunftssicher, transparent und genau auf Ihre Bed\u00fcrfnisse zugeschnitten.<\/p>\n<p>[\/et_pb_text][\/et_pb_column][et_pb_column type=&#8220;2_5&#8243; _builder_version=&#8220;4.20.4&#8243; _module_preset=&#8220;default&#8220; global_colors_info=&#8220;{}&#8220;][et_pb_image src=&#8220;https:\/\/dev.easychip-server-02.de\/wp-content\/uploads\/2026\/03\/22Jahre.png.png&#8220; _builder_version=&#8220;4.20.4&#8243; _module_preset=&#8220;default&#8220; custom_margin=&#8220;149px|||||&#8220; custom_padding=&#8220;3px||3px|||&#8220; hover_enabled=&#8220;0&#8243; global_colors_info=&#8220;{}&#8220; title_text=&#8220;22Jahre.png&#8220; sticky_enabled=&#8220;0&#8243; align=&#8220;center&#8220; module_alignment=&#8220;center&#8220;][\/et_pb_image][\/et_pb_column][\/et_pb_row][\/et_pb_section]<\/p>\n","protected":false},"excerpt":{"rendered":"<p>EasyChip \u2013 Aus IT wird EasySie sind ein Unternehmen aus Lindenberg oder Umgebung und m\u00f6chten auch eine vor-Ort-Betreuung? Dann sind Sie bei uns genau richtig! Von der Analyse \u00fcber die Planung bis hin zur individuellen Websiten- und Softwareentwicklung stehen wir Ihnen als kompetenter IT-Partner zur Seite.<div class=\"ba_info_box ba_info_box_0 ba_et_pb_module\">\n\t\t\t\t\n\t\t\t\t\n\t\t\t\t\n\t\t\t\t\n\t\t\t\t\n\t\t\t\t\n\t\t\t\t<div class=\"et_pb_module_inner\">\n\t\t\t\t\t<div class=\"dtq-info-box dtq-swapped-img-selector dtq-hover--none\">\n\t\t\t    <div class=\"dtq-info-box-figure\"> <img decoding=\"async\" class=\"dtq-info-box-img dtq-swapped-img\" src=\"\"  alt=\"\"\/><\/div>\n                <div class=\"dtq-info-box-content\">\n                    <h2 class=\"dtq-info-box-title\">&#8220;IT-Infrastruktur&#8220;<\/h2> <div class=\"dtq-mce-content\">&#8220;Ihre<\/div> \n                <\/div>\n\t\t    <\/div>\n\t\t\t\t<\/div>\n\t\t\t<\/div><\/p>\n","protected":false},"author":1,"featured_media":0,"parent":0,"menu_order":0,"comment_status":"closed","ping_status":"closed","template":"","meta":{"_et_pb_use_builder":"on","_et_pb_old_content":"<!-- wp:video -->\n<figure class=\"wp-block-video\"><\/figure>\n<!-- \/wp:video -->\n\n<!-- wp:paragraph -->\n<p><\/p>\n<!-- \/wp:paragraph -->","_et_gb_content_width":"","footnotes":""},"class_list":["post-166","page","type-page","status-publish","hentry"],"_links":{"self":[{"href":"https:\/\/dev.easychip-server-02.de\/index.php?rest_route=\/wp\/v2\/pages\/166","targetHints":{"allow":["GET"]}}],"collection":[{"href":"https:\/\/dev.easychip-server-02.de\/index.php?rest_route=\/wp\/v2\/pages"}],"about":[{"href":"https:\/\/dev.easychip-server-02.de\/index.php?rest_route=\/wp\/v2\/types\/page"}],"author":[{"embeddable":true,"href":"https:\/\/dev.easychip-server-02.de\/index.php?rest_route=\/wp\/v2\/users\/1"}],"replies":[{"embeddable":true,"href":"https:\/\/dev.easychip-server-02.de\/index.php?rest_route=%2Fwp%2Fv2%2Fcomments&post=166"}],"version-history":[{"count":65,"href":"https:\/\/dev.easychip-server-02.de\/index.php?rest_route=\/wp\/v2\/pages\/166\/revisions"}],"predecessor-version":[{"id":537,"href":"https:\/\/dev.easychip-server-02.de\/index.php?rest_route=\/wp\/v2\/pages\/166\/revisions\/537"}],"wp:attachment":[{"href":"https:\/\/dev.easychip-server-02.de\/index.php?rest_route=%2Fwp%2Fv2%2Fmedia&parent=166"}],"curies":[{"name":"wp","href":"https:\/\/api.w.org\/{rel}","templated":true}]}}