{"id":539,"date":"2026-03-31T08:21:22","date_gmt":"2026-03-31T08:21:22","guid":{"rendered":"https:\/\/dev.easychip-server-02.de\/?page_id=539"},"modified":"2026-03-31T08:21:35","modified_gmt":"2026-03-31T08:21:35","slug":"it-infrastruktur","status":"publish","type":"page","link":"https:\/\/dev.easychip-server-02.de\/?page_id=539","title":{"rendered":"IT-Infrastruktur"},"content":{"rendered":"<p>[et_pb_section fb_built=&#8220;1&#8243; _builder_version=&#8220;4.20.4&#8243; _module_preset=&#8220;default&#8220; background_color=&#8220;#FFFFFF&#8220; background_image=&#8220;https:\/\/dev.easychip-server-02.de\/wp-content\/uploads\/2026\/03\/Design-ohne-Titel7.png&#8220; custom_margin=&#8220;||||false|false&#8220; custom_padding=&#8220;54px||50px||false|false&#8220; da_disable_devices=&#8220;off|off|off&#8220; global_colors_info=&#8220;{}&#8220; da_is_popup=&#8220;off&#8220; da_exit_intent=&#8220;off&#8220; da_has_close=&#8220;on&#8220; da_alt_close=&#8220;off&#8220; da_dark_close=&#8220;off&#8220; da_not_modal=&#8220;on&#8220; da_is_singular=&#8220;off&#8220; da_with_loader=&#8220;off&#8220; da_has_shadow=&#8220;on&#8220;][et_pb_row column_structure=&#8220;1_2,1_2&#8243; _builder_version=&#8220;4.20.4&#8243; _module_preset=&#8220;default&#8220; max_width=&#8220;80%&#8220; global_colors_info=&#8220;{}&#8220;][et_pb_column type=&#8220;1_2&#8243; _builder_version=&#8220;4.20.4&#8243; _module_preset=&#8220;default&#8220; global_colors_info=&#8220;{}&#8220;][\/et_pb_column][et_pb_column type=&#8220;1_2&#8243; _builder_version=&#8220;4.20.4&#8243; _module_preset=&#8220;default&#8220; global_colors_info=&#8220;{}&#8220;][et_pb_text _builder_version=&#8220;4.20.4&#8243; _module_preset=&#8220;default&#8220; custom_padding=&#8220;76px|2px||||&#8220; global_colors_info=&#8220;{}&#8220;]<\/p>\n<h2>IT-Infrastruktur, die mit Ihrem Unternehmen w\u00e4chst.<\/h2>\n<p><span style=\"color: #000000;\"><span style=\"color: #ff7a05;\"><\/span><\/span><\/p>\n<p>Sicher, skalierbar und zukunftsorientiert. Wir bauen das Fundament f\u00fcr Ihre digitale Transformation.<\/p>\n<p>[\/et_pb_text][\/et_pb_column][\/et_pb_row][\/et_pb_section][et_pb_section fb_built=&#8220;1&#8243; _builder_version=&#8220;4.20.4&#8243; _module_preset=&#8220;default&#8220; use_background_color_gradient=&#8220;on&#8220; background_color_gradient_direction=&#8220;32deg&#8220; background_color_gradient_stops=&#8220;#161616 0%|rgba(27, 28, 31, 1) 60%|rgba(27, 28, 32, 1) 84%|#1f2128 100%&#8220; width=&#8220;100%&#8220; custom_margin=&#8220;|20px||10px|false|false&#8220; custom_padding=&#8220;||50px|0px|false|false&#8220; da_disable_devices=&#8220;off|off|off&#8220; global_colors_info=&#8220;{}&#8220; da_is_popup=&#8220;off&#8220; da_exit_intent=&#8220;off&#8220; da_has_close=&#8220;on&#8220; da_alt_close=&#8220;off&#8220; da_dark_close=&#8220;off&#8220; da_not_modal=&#8220;on&#8220; da_is_singular=&#8220;off&#8220; da_with_loader=&#8220;off&#8220; da_has_shadow=&#8220;on&#8220;][et_pb_row column_structure=&#8220;1_2,1_2&#8243; _builder_version=&#8220;4.20.4&#8243; _module_preset=&#8220;default&#8220; width=&#8220;90%&#8220; max_width=&#8220;90%&#8220; custom_padding=&#8220;||0px|||&#8220; global_colors_info=&#8220;{}&#8220;][et_pb_column type=&#8220;1_2&#8243; _builder_version=&#8220;4.20.4&#8243; _module_preset=&#8220;default&#8220; global_colors_info=&#8220;{}&#8220;][et_pb_text _builder_version=&#8220;4.20.4&#8243; _module_preset=&#8220;default&#8220; custom_margin=&#8220;||50px|||&#8220; custom_padding=&#8220;||0px|||&#8220; global_colors_info=&#8220;{}&#8220;]<\/p>\n<h2 data-path-to-node=\"6\"><\/h2>\n<h3 data-path-to-node=\"6\">Architektur f\u00fcr Ihren Erfolg<\/h3>\n<h2><span style=\"color: #ffffff;\">Durchdacht. Sicher. Skalierbar.<\/span><\/h2>\n<p><span style=\"color: #ffffff;\"><\/span><\/p>\n<p>[\/et_pb_text][et_pb_text _builder_version=&#8220;4.20.4&#8243; _module_preset=&#8220;default&#8220; global_colors_info=&#8220;{}&#8220;]<\/p>\n<p><strong>Netzwerkdesign &amp; Performance:<\/strong> Vergessen Sie Verbindungsprobleme. Wir planen und implementieren Netzwerke, die genau auf Ihre Anforderungen zugeschnitten sind. Das Ergebnis: Nahtlose Konnektivit\u00e4t und maximale Sicherheit f\u00fcr Ihren Datenaustausch.<\/p>\n<p><strong>Intelligente Virtualisierung:<\/strong> Holen Sie mehr aus Ihrer Hardware heraus. Durch professionelle Virtualisierung optimieren wir Ihre Ressourcennutzung, senken Betriebskosten und machen Ihre Infrastruktur sp\u00fcrbar flexibler.<\/p>\n<p><strong>Cloud-L\u00f6sungen der n\u00e4chsten Generation:<\/strong> Skalierbarkeit ohne Grenzen. Wir integrieren ma\u00dfgeschneiderte Cloud-Services in Ihre Gesch\u00e4ftsprozesse, damit Sie jederzeit und von \u00fcberall effizient arbeiten k\u00f6nnen \u2013 bei h\u00f6chstem Datenschutz.<\/p>\n<p>[\/et_pb_text][\/et_pb_column][et_pb_column type=&#8220;1_2&#8243; _builder_version=&#8220;4.20.4&#8243; _module_preset=&#8220;default&#8220; global_colors_info=&#8220;{}&#8220;][et_pb_image src=&#8220;https:\/\/dev.easychip-server-02.de\/wp-content\/uploads\/2026\/03\/Infra.png&#8220; title_text=&#8220;Infra&#8220; _builder_version=&#8220;4.20.4&#8243; _module_preset=&#8220;default&#8220; border_radii=&#8220;off|15px|||15px&#8220; global_colors_info=&#8220;{}&#8220;][\/et_pb_image][\/et_pb_column][\/et_pb_row][\/et_pb_section][et_pb_section fb_built=&#8220;1&#8243; _builder_version=&#8220;4.20.4&#8243; _module_preset=&#8220;default&#8220; background_image=&#8220;https:\/\/dev.easychip-server-02.de\/wp-content\/uploads\/2026\/03\/Design-ohne-Titel6.png&#8220; min_height=&#8220;356px&#8220; custom_padding=&#8220;0px||3px|||&#8220; da_disable_devices=&#8220;off|off|off&#8220; global_colors_info=&#8220;{}&#8220; da_is_popup=&#8220;off&#8220; da_exit_intent=&#8220;off&#8220; da_has_close=&#8220;on&#8220; da_alt_close=&#8220;off&#8220; da_dark_close=&#8220;off&#8220; da_not_modal=&#8220;on&#8220; da_is_singular=&#8220;off&#8220; da_with_loader=&#8220;off&#8220; da_has_shadow=&#8220;on&#8220;][et_pb_row _builder_version=&#8220;4.20.4&#8243; _module_preset=&#8220;default&#8220; max_width=&#8220;80%&#8220; custom_padding=&#8220;||0px|||&#8220; global_colors_info=&#8220;{}&#8220;][et_pb_column type=&#8220;4_4&#8243; _builder_version=&#8220;4.20.4&#8243; _module_preset=&#8220;default&#8220; global_colors_info=&#8220;{}&#8220;][et_pb_text _builder_version=&#8220;4.20.4&#8243; _module_preset=&#8220;default&#8220; custom_margin=&#8220;||-4px|||&#8220; global_colors_info=&#8220;{}&#8220;]<\/p>\n<h4 style=\"text-align: left;\">Unsere Leistungen<\/h4>\n<h3><span style=\"color: #ffffff;\">Die Details<\/span><\/h3>\n<p>[\/et_pb_text][\/et_pb_column][\/et_pb_row][et_pb_row column_structure=&#8220;1_3,1_3,1_3&#8243; _builder_version=&#8220;4.20.4&#8243; _module_preset=&#8220;default&#8220; width=&#8220;90%&#8220; max_width=&#8220;95%&#8220; global_colors_info=&#8220;{}&#8220;][et_pb_column type=&#8220;1_3&#8243; _builder_version=&#8220;4.20.4&#8243; _module_preset=&#8220;default&#8220; global_colors_info=&#8220;{}&#8220;][ba_icon_box icon=&#8220;&#xe602;||divi||400&#8243; title=&#8220;Analyse&#8220; description=&#8220;Stabile LAN\/WLAN-L\u00f6sungen, VPN f\u00fcr das Homeoffice und performante Standortvernetzung.&#8220; icon_color=&#8220;#ff7a05&#8243; icon_size=&#8220;50px&#8220; icon_width=&#8220;76px&#8220; icon_height=&#8220;76px&#8220; icon_spacing=&#8220;15px&#8220; icon_bg_rotate=&#8220;-301deg&#8220; _builder_version=&#8220;4.20.4&#8243; _module_preset=&#8220;default&#8220; title_font=&#8220;||||||||&#8220; title_text_color=&#8220;#e2e2e2&#8243; title_font_size=&#8220;1.5rem&#8220; title_line_height=&#8220;1.2em&#8220; description_text_color=&#8220;#FFFFFF&#8220; description_font_size=&#8220;1rem&#8220; description_line_height=&#8220;1.4em&#8220; custom_margin=&#8220;||-6px|||&#8220; border_radii_icon=&#8220;on|120px|120px|120px|120px&#8220; border_width_all_icon=&#8220;2px&#8220; border_color_all_icon=&#8220;#ff7a05&#8243; border_radii_box=&#8220;on|9px|9px|9px|9px&#8220; border_width_all_box=&#8220;0px&#8220; global_colors_info=&#8220;{}&#8220;][\/ba_icon_box][\/et_pb_column][et_pb_column type=&#8220;1_3&#8243; _builder_version=&#8220;4.20.4&#8243; _module_preset=&#8220;default&#8220; global_colors_info=&#8220;{}&#8220;][ba_icon_box icon=&#8220;&#xe0ea;||divi||400&#8243; title=&#8220;Server &#038; Storage&#8220; description=&#8220;Ob vor Ort oder in der Cloud \u2013 wir sorgen f\u00fcr ausreichend Power und sicheren Speicherplatz.&#8220; icon_color=&#8220;#ff7a05&#8243; icon_size=&#8220;50px&#8220; icon_width=&#8220;76px&#8220; icon_height=&#8220;76px&#8220; icon_spacing=&#8220;15px&#8220; _builder_version=&#8220;4.20.4&#8243; _module_preset=&#8220;default&#8220; title_font=&#8220;||||||||&#8220; title_text_color=&#8220;#e2e2e2&#8243; title_font_size=&#8220;1.5rem&#8220; title_line_height=&#8220;1.2em&#8220; description_text_color=&#8220;#FFFFFF&#8220; description_font_size=&#8220;1rem&#8220; description_line_height=&#8220;1.4em&#8220; border_radii_icon=&#8220;on|120px|120px|120px|120px&#8220; border_width_all_icon=&#8220;2px&#8220; border_color_all_icon=&#8220;#ff7a05&#8243; border_radii_box=&#8220;on|9px|9px|9px|9px&#8220; border_width_all_box=&#8220;0px&#8220; locked=&#8220;off&#8220; global_colors_info=&#8220;{}&#8220;][\/ba_icon_box][\/et_pb_column][et_pb_column type=&#8220;1_3&#8243; _builder_version=&#8220;4.20.4&#8243; _module_preset=&#8220;default&#8220; global_colors_info=&#8220;{}&#8220;][ba_icon_box icon=&#8220;&#xe003;||divi||400&#8243; title=&#8220;Security &#038; Backup&#8220; description=&#8220;Schutz vor Cyberangriffen und automatisierte Backups, damit im Ernstfall keine Daten verloren gehen.&#8220; icon_color=&#8220;#ff7a05&#8243; icon_size=&#8220;50px&#8220; icon_width=&#8220;76px&#8220; icon_height=&#8220;76px&#8220; icon_spacing=&#8220;15px&#8220; _builder_version=&#8220;4.20.4&#8243; _module_preset=&#8220;default&#8220; title_font=&#8220;||||||||&#8220; title_text_color=&#8220;#e2e2e2&#8243; title_font_size=&#8220;1.5rem&#8220; title_line_height=&#8220;1.2em&#8220; description_text_color=&#8220;#FFFFFF&#8220; description_font_size=&#8220;1rem&#8220; description_line_height=&#8220;1.4em&#8220; border_radii_icon=&#8220;on|120px|120px|120px|120px&#8220; border_width_all_icon=&#8220;2px&#8220; border_color_all_icon=&#8220;#ff7a05&#8243; border_radii_box=&#8220;on|9px|9px|9px|9px&#8220; border_width_all_box=&#8220;0px&#8220; locked=&#8220;off&#8220; global_colors_info=&#8220;{}&#8220;][\/ba_icon_box][\/et_pb_column][\/et_pb_row][\/et_pb_section][et_pb_section fb_built=&#8220;1&#8243; _builder_version=&#8220;4.20.4&#8243; _module_preset=&#8220;default&#8220; use_background_color_gradient=&#8220;on&#8220; background_color_gradient_direction=&#8220;32deg&#8220; background_color_gradient_stops=&#8220;#161616 0%|rgba(27, 28, 31, 1) 60%|rgba(27, 28, 32, 1) 84%|#1f2128 100%&#8220; custom_margin=&#8220;|20px||10px|false|false&#8220; custom_padding=&#8220;||50px||false|false&#8220; da_disable_devices=&#8220;off|off|off&#8220; global_colors_info=&#8220;{}&#8220; da_is_popup=&#8220;off&#8220; da_exit_intent=&#8220;off&#8220; da_has_close=&#8220;on&#8220; da_alt_close=&#8220;off&#8220; da_dark_close=&#8220;off&#8220; da_not_modal=&#8220;on&#8220; da_is_singular=&#8220;off&#8220; da_with_loader=&#8220;off&#8220; da_has_shadow=&#8220;on&#8220;][et_pb_row column_structure=&#8220;1_2,1_2&#8243; _builder_version=&#8220;4.20.4&#8243; _module_preset=&#8220;default&#8220; width=&#8220;90%&#8220; max_width=&#8220;90%&#8220; custom_padding=&#8220;0px||3px|||&#8220; global_colors_info=&#8220;{}&#8220;][et_pb_column type=&#8220;1_2&#8243; _builder_version=&#8220;4.20.4&#8243; _module_preset=&#8220;default&#8220; global_colors_info=&#8220;{}&#8220;][et_pb_image src=&#8220;https:\/\/dev.easychip-server-02.de\/wp-content\/uploads\/2026\/03\/beschaffung.png&#8220; title_text=&#8220;beschaffung&#8220; _builder_version=&#8220;4.20.4&#8243; _module_preset=&#8220;default&#8220; border_radii=&#8220;off||15px|15px|&#8220; global_colors_info=&#8220;{}&#8220;][\/et_pb_image][\/et_pb_column][et_pb_column type=&#8220;1_2&#8243; _builder_version=&#8220;4.20.4&#8243; _module_preset=&#8220;default&#8220; global_colors_info=&#8220;{}&#8220;][et_pb_text _builder_version=&#8220;4.20.4&#8243; _module_preset=&#8220;default&#8220; custom_margin=&#8220;||50px|||&#8220; global_colors_info=&#8220;{}&#8220;]<\/p>\n<h3 data-path-to-node=\"6\">Ganzeheitliche Sytembetreuung<\/h3>\n<h2><span style=\"color: #ffffff;\">Wir halten Ihnen den R\u00fccken frei!<\/span><\/h2>\n<p>[\/et_pb_text][et_pb_text _builder_version=&#8220;4.20.4&#8243; _module_preset=&#8220;default&#8220; custom_margin=&#8220;1px|||||&#8220; global_colors_info=&#8220;{}&#8220;]<\/p>\n<p><strong>Analyse &amp; Strategie:<\/strong> Wir werfen einen Expertenblick auf Ihren Ist-Zustand. Ob Optimierung oder Erweiterung \u2013 wir pr\u00fcfen Ihre Datensicherung auf Herz und Nieren und entwickeln ein Sicherheitskonzept, das diesen Namen auch verdient.<\/p>\n<p><strong>Beschaffung &amp; Deployment:<\/strong> Profitieren Sie von unserem starken Netzwerk. Durch Partnerschaften mit Deutschlands gr\u00f6\u00dften Distributoren garantieren wir Ihnen faire Konditionen und eine schnelle Umsetzung bei der Auswahl Ihrer Hard- und Software.<\/p>\n<p><strong>Proaktive Wartung &amp; Support:<\/strong> Wir warten nicht, bis es brennt. Mit intelligenter Fernwartung und schnellen Reaktionszeiten minimieren wir Ausfallzeiten. Unsere Techniker sind sofort zur Stelle, wenn Sie Hilfe ben\u00f6tigen \u2013 direkt und unkompliziert.<\/p>\n<p>[\/et_pb_text][\/et_pb_column][\/et_pb_row][\/et_pb_section][et_pb_section fb_built=&#8220;1&#8243; _builder_version=&#8220;4.20.4&#8243; _module_preset=&#8220;default&#8220; background_color=&#8220;#1e1e1e&#8220; da_disable_devices=&#8220;off|off|off&#8220; global_colors_info=&#8220;{}&#8220; da_is_popup=&#8220;off&#8220; da_exit_intent=&#8220;off&#8220; da_has_close=&#8220;on&#8220; da_alt_close=&#8220;off&#8220; da_dark_close=&#8220;off&#8220; da_not_modal=&#8220;on&#8220; da_is_singular=&#8220;off&#8220; da_with_loader=&#8220;off&#8220; da_has_shadow=&#8220;on&#8220;][et_pb_row _builder_version=&#8220;4.20.4&#8243; _module_preset=&#8220;default&#8220; global_colors_info=&#8220;{}&#8220;][et_pb_column type=&#8220;4_4&#8243; _builder_version=&#8220;4.20.4&#8243; _module_preset=&#8220;default&#8220; global_colors_info=&#8220;{}&#8220;][et_pb_testimonial author=&#8220;Jan Werner&#8220; job_title=&#8220;Gesch\u00e4ftsf\u00fchrer&#8220; company_name=&#8220;EasyChip GmbH&#8220; quote_icon=&#8220;off&#8220; _builder_version=&#8220;4.20.4&#8243; _module_preset=&#8220;default&#8220; background_color=&#8220;#1e1e1e&#8220; custom_padding=&#8220;||6px|||&#8220; global_colors_info=&#8220;{}&#8220;]<\/p>\n<h2 style=\"text-align: center;\"><b data-path-to-node=\"6,0\" data-index-in-node=\"0\">\u201eWir machen Schluss mit der Flickschusterei.\u201c<\/b><\/h2>\n<p>[\/et_pb_testimonial][\/et_pb_column][\/et_pb_row][\/et_pb_section]<\/p>\n","protected":false},"excerpt":{"rendered":"<p>IT-Infrastruktur, die mit Ihrem Unternehmen w\u00e4chst. Sicher, skalierbar und zukunftsorientiert. Wir bauen das Fundament f\u00fcr Ihre digitale Transformation. Architektur f\u00fcr Ihren Erfolg Durchdacht. Sicher. Skalierbar. Netzwerkdesign &amp; Performance: Vergessen Sie Verbindungsprobleme. Wir planen und implementieren Netzwerke, die genau auf Ihre Anforderungen zugeschnitten sind. Das Ergebnis: Nahtlose Konnektivit\u00e4t und maximale Sicherheit f\u00fcr Ihren Datenaustausch. Intelligente Virtualisierung: [&hellip;]<\/p>\n","protected":false},"author":1,"featured_media":0,"parent":0,"menu_order":0,"comment_status":"closed","ping_status":"closed","template":"","meta":{"_et_pb_use_builder":"on","_et_pb_old_content":"","_et_gb_content_width":"","footnotes":""},"class_list":["post-539","page","type-page","status-publish","hentry"],"_links":{"self":[{"href":"https:\/\/dev.easychip-server-02.de\/index.php?rest_route=\/wp\/v2\/pages\/539","targetHints":{"allow":["GET"]}}],"collection":[{"href":"https:\/\/dev.easychip-server-02.de\/index.php?rest_route=\/wp\/v2\/pages"}],"about":[{"href":"https:\/\/dev.easychip-server-02.de\/index.php?rest_route=\/wp\/v2\/types\/page"}],"author":[{"embeddable":true,"href":"https:\/\/dev.easychip-server-02.de\/index.php?rest_route=\/wp\/v2\/users\/1"}],"replies":[{"embeddable":true,"href":"https:\/\/dev.easychip-server-02.de\/index.php?rest_route=%2Fwp%2Fv2%2Fcomments&post=539"}],"version-history":[{"count":20,"href":"https:\/\/dev.easychip-server-02.de\/index.php?rest_route=\/wp\/v2\/pages\/539\/revisions"}],"predecessor-version":[{"id":588,"href":"https:\/\/dev.easychip-server-02.de\/index.php?rest_route=\/wp\/v2\/pages\/539\/revisions\/588"}],"wp:attachment":[{"href":"https:\/\/dev.easychip-server-02.de\/index.php?rest_route=%2Fwp%2Fv2%2Fmedia&parent=539"}],"curies":[{"name":"wp","href":"https:\/\/api.w.org\/{rel}","templated":true}]}}